igit of 33919526?
5
What is the units digit of 41880420?
0
What is the ten millions digit of 1585523088?
8
What is the ten thousands digit of 38336657?
3
What is the units digit of 975006412?
2
What is the hundred millions digit of 221524168?
2
What is the thousands digit of 79823638?
3
What is the millions digit of 191700210?
1
What is the units digit of 51078560?
0
What is the tens digit of 540224126?
2
What is the ten thousands digit of 38060806?
6
What is the ten thousands digit of 807494530?
9
What is the hundreds digit of 1453752253?
2
What is the ten millions digit of 74126039?
7
What is the hundred millions digit of 361539533?
3
What is the tens digit of 2621905112?
1
What is the ten thousands digit of 15902618?
0
What is the billions digit of 6717316819?
6
What is the hundred millions digit of 342059046?
3
What is the hundred millions digit of 186842941?
1
What is the ten millions digit of 1344123262?
4
What is the units digit of 69786838?
8
What is the hundred thousands digit of 341056659?
0
What is the ten thousands digit of 139072090?
7
What is the units digit of 3388285?
5
What is the hundred millions digit of 1174335098?
1
What is the tens digit of 7585715?
1
What is the millions digit of 169642174?
9
What is the tens digit of 1243332735?
3
What is the hundred thousands digit of 29273242?
2
What is the millions digit of 736242769?
6
What is the hundreds digit of 221601243?
2
What is the millions digit of 91226825?
1
What is the tens digit of 8101358?
5
What is the tens digit of 2054641439?
3
What is the hundreds digit of 3267221?
2
What is the millions digit of 59719952?
9
What is the hundred thousands digit of 282574357?
5
What is the hundreds digit of 2067699496?
4
What is the units digit of 3710309244?
4
What is the units digit of 1758966067?
7
What is the units digit of 10475248?
8
What is the hundreds digit of 15962479?
4
What is the units digit of 89521268?
8
What is the ten millions digit of 56365901?
5
What is the ten thousands digit of 832145149?
4
What is the units digit of 150621574?
4
What is the hundreds digit of 2538097576?
5
What is the hundreds digit of 457331549?
5
What is the hundred thousands digit of 59636650?
6
What is the millions digit of 56757256?
6
What is the hundred thousands digit of 908455182?
4
What is the hundreds digit of 703879319?
3
What is the millions digit of 789948025?
9
What is the hundred millions digit of 349315529?
3
What is the hundred thousands digit of 154942641?
9
What is the hundreds digit of 23892575?
5
What is the billions digit of 3766995243?
3
What is the billions digit of 1127311698?
1
What is the millions digit of 4318489563?
8
What is the millions digit of 48625153?
8
What is the millions digit of 38423358?
8
What is the ten thousands digit of 407715329?
1
What is the units digit of 29170116?
6
What is the hundred thousands digit of 182992511?
9
What is the units digit of 32018537?
7
What is the hundred millions digit of 311201012?
3
What is the hundreds digit of 1097831241?
2
What is the ten thousands digit of 1867696637?
9
What is the thousands digit of 52271110?
1
What is the millions digit of 1829368?
1
What is the ten millions digit of 810534546?
1
What is the millions digit of 35702612?
5
What is the units digit of 3637717?
7
What is the ten thousands digit of 82781396?
8
What is the thousands digit of 1232990015?
0
What is the tens digit of 846849368?
6
What is the tens digit of 20483513?
1
What is the hundreds digit of 3505594952?
9
What is the units digit of 85279464?
4
What is the hundred millions digit of 136357755?
1
What is the hundreds digit of 548201678?
6
What is the thousands digit of 952826566?
6
What is the thousands digit of 14728003?
8
What is the millions digit of 2153215510?
3
What is the hundreds digit of 163634618?
6
What is the tens digit of 65024184?
8
What is the hundred millions digit of 1189481617?
1
What is the ten millions digit of 146755363?
4
What is the millions digit of 997049704?
7
What is the thousands digit of 4584315339?
5
What is the hundred millions digit of 600210959?
6
What is the tens digit of 1111874304?
0
What is the tens digit of 41946265?
6
What is the tens digit of 399933489?
8
What is the hundred thousands digit of 2534874222?
8
What is the tens digit of 19984124?
2
What is the hundred thousands digit of 1093062664?
0
What is the millions digit of 10554101?
0
What is the thousands digit of 6105937653?
7
What is the ten millions digit of 26321436?
2
What is the hundred thousands digit of 80212116?
2
What is the ten thousands digit of 2578303620?
0
What is the ten thousands digit of 29024060?
2
What is the millions digit of 16056244?
6
What is the ten thousands digit of 849678447?
7
What is the millions digit of 202047851?
2
What is the thousands digit of 516500964?
0
What is the hundred millions digit of 810009960?
8
What is the hundreds digit of 46030053?
0
What is the hundred thousands digit of 959685924?
6
What is the ten millions digit of 174361321?
7
What is the hundreds digit of 810552494?
4
What is the hundred thousands digit of 11779783?
7
What is the thousands digit of 30565390?
5
What is the thousands digit of 29380441?
0
What is the hundred millions digit of 1150290183?
1
What is the thousands digit of 180781459?
1
What is the thousands digit of 24577057?
7
What is the hundred thousands digit of 10924161?
9
What is the millions digit of 4041422?
4
What is the units digit of 6207945089?
9
What is the hundred thousands digit of 274220362?
2
What is the millions digit of 197322776?
7
What is the units digit of 73558552?
2
What is the hundred thousands digit of 1204781815?
7
What is the thousands digit of 19674519?
4
What is the hundred thousands digit of 25316520?
3
What is the hundreds digit of 38082493?
4
What is the hundreds digit of 183393354?
3
What is the millions digit of 1255419060?
5
What is the units digit of 167044205?
5
What is the millions digit of 155195852?
5
What is the tens digit of 24101744?
4
What is the units digit of 116844910?
0
What is the ten thousands digit of 48794385?
9
What is the tens digit of 78306820?
2
What is the thousands digit of 288501874?
1
What is the hundred thousands digit of 85873297?
8
What is the ten millions digit of 44234889?
4
What is the hundreds digit of 124588430?
4
What is the hundred thousands digit of 950600828?
6
What is the tens digit of 1848413289?
8
What is the units digit of 1489030968?
8
What is the thousands digit of 3657240?
7
What is the hundred thousands digit of 245396528?
3
What is the hundreds digit of 12866469?
4
What is the ten millions digit of 3732392701?
3
What is the hundreds digit of 16893949?
9
What is the ten millions digit of 172758415?
7
What is the ten millions digit of 47526529?
4
What is the tens digit of 194441841?
4
What is the hundreds digit of 299609594?
5
What is the thousands digit of 6122548897?
8
What is the millions digit of 3672100270?
2
What is the ten millions digit of 159470242?
5
What is the hundreds digit of 129957766?
7
What is the hundred thousands digit of 1531384110?
3
What is the millions digit of 19018569?
9
What is the tens digit of 76717765?
6
What is the thousands digit of 963876739?
6
What is the millions digit of 48727512?
8
What is the ten millions digit of 704534808?
0
What is the ten millions digit of 238666908?
3
What is the hundred thousands digit of 1403901735?
9
What is the millions digit of 701985004?
1
What is the hundreds digit of 30739151?
1
What is the millions digit of 52261838?
2
What is the millions digit of 1192499631?
2
What is the hundred thousands digit of 1720723467?
7
What is the units digit of 592722211?
1
What is the hundred millions digit of 286290059?
2
What is the billions digit of 2942788726?
2
What is the ten thousands digit of 220941555?
4
What is the thousands digit of 184087141?
7
What is the tens digit of 591800507?
0
What is the ten millions digit of 96732499?
9
What is the hundreds digit of 132854572?
5
What is the millions digit of 520461910?
0
What is the thousands digit of 263273411?
3
What is the hundred thousands digit of 578508871?
5
What is the hundred thousands digit of 45431024?
4
What is the millions digit of 29650283?
9
What is the units digit of 39773363?
3
What is t